{"id":3,"date":"2023-11-08T13:42:38","date_gmt":"2023-11-08T12:42:38","guid":{"rendered":"https:\/\/hexental-apo.de\/?page_id=3"},"modified":"2024-01-17T18:05:13","modified_gmt":"2024-01-17T17:05:13","slug":"datenschutzerklaerung","status":"publish","type":"page","link":"https:\/\/hexental-apotheke.de\/?page_id=3","title":{"rendered":"Datenschutzerkl\u00e4rung"},"content":{"rendered":"\t\t<div data-elementor-type=\"wp-page\" data-elementor-id=\"3\" class=\"elementor elementor-3\" data-elementor-post-type=\"page\">\n\t\t\t\t\t\t\t<div class=\"elementor-element elementor-element-5e841dac e-flex e-con-boxed e-con e-parent\" data-id=\"5e841dac\" data-element_type=\"container\" data-settings=\"{&quot;content_width&quot;:&quot;boxed&quot;}\" data-core-v316-plus=\"true\">\n\t\t\t\t\t<div class=\"e-con-inner\">\n\t\t\t\t<div class=\"elementor-element elementor-element-4bc8b06 elementor-widget elementor-widget-heading\" data-id=\"4bc8b06\" data-element_type=\"widget\" data-widget_type=\"heading.default\">\n\t\t\t\t<div class=\"elementor-widget-container\">\n\t\t\t<style>\/*! elementor - v3.18.0 - 20-12-2023 *\/\n.elementor-heading-title{padding:0;margin:0;line-height:1}.elementor-widget-heading .elementor-heading-title[class*=elementor-size-]>a{color:inherit;font-size:inherit;line-height:inherit}.elementor-widget-heading .elementor-heading-title.elementor-size-small{font-size:15px}.elementor-widget-heading .elementor-heading-title.elementor-size-medium{font-size:19px}.elementor-widget-heading .elementor-heading-title.elementor-size-large{font-size:29px}.elementor-widget-heading .elementor-heading-title.elementor-size-xl{font-size:39px}.elementor-widget-heading .elementor-heading-title.elementor-size-xxl{font-size:59px}<\/style><h2 class=\"elementor-heading-title elementor-size-default\">Information \u00fcber die Verarbeitung personenbezogener Daten:<\/h2>\t\t<\/div>\n\t\t\t\t<\/div>\n\t\t\t\t<div class=\"elementor-element elementor-element-760cab0a elementor-widget elementor-widget-text-editor\" data-id=\"760cab0a\" data-element_type=\"widget\" data-widget_type=\"text-editor.default\">\n\t\t\t\t<div class=\"elementor-widget-container\">\n\t\t\t<style>\/*! elementor - v3.18.0 - 20-12-2023 *\/\n.elementor-widget-text-editor.elementor-drop-cap-view-stacked .elementor-drop-cap{background-color:#69727d;color:#fff}.elementor-widget-text-editor.elementor-drop-cap-view-framed .elementor-drop-cap{color:#69727d;border:3px solid;background-color:transparent}.elementor-widget-text-editor:not(.elementor-drop-cap-view-default) .elementor-drop-cap{margin-top:8px}.elementor-widget-text-editor:not(.elementor-drop-cap-view-default) .elementor-drop-cap-letter{width:1em;height:1em}.elementor-widget-text-editor .elementor-drop-cap{float:left;text-align:center;line-height:1;font-size:50px}.elementor-widget-text-editor .elementor-drop-cap-letter{display:inline-block}<\/style>\t\t\t\t<!-- wp:heading -->\n<p>Wir freuen uns \u00fcber Ihr Interesse am Internetauftritt und am Angebot der Hexental-Apotheke. Wenn Sie unsere Webseite besuchen, verarbeiten wir in geringem Umfang personenbezogene Daten von Ihnen, wie aus den folgenden Informationen ersichtlich. Die Datenverarbeitung erfolgt ausschlie\u00dflich auf gesetzlicher Grundlage (Datenschutz-Grundverordung (DSGVO), Bundesdatenschutzgesetz (BDSG)).<\/p>\n<p>Verantwortlicher f\u00fcr die Datenverarbeitung ist:<\/p>\n<p>Dr. Sybille H. Koch-G\u00f6pfrich e.K.<\/p>\n<p>Inhaberin der Hexental-Apotheke<br \/>Dorfstra\u00dfe 5<br \/>79249 Merzhausen<\/p>\n<p>Tel.: +49 761 40 33 66<br \/>Fax: +49 761 &#8211; 40 67 85<\/p>\n<p>E-Mail: info@hexental-apotheke.de<\/p>\n<p>Bei Fragen zur Datenverarbeitung k\u00f6nnen Sie sich jederzeit gerne an uns wenden.<\/p>\n<p>Zur Sicherung und Aufrechterhaltung des Betriebs unserer Webseite und zur statistischen Auswertung der Nutzung unserer Webseite speichern wir zur Wahrung unserer berechtigten Interessen von Besuchern unserer Webseite Zugriffs-Logfiles und Fehler-Logfiles. Rechtsgrundlage f\u00fcr die Datenverarbeitung ist Art. 6 Abs. 1 Satz 1 lit. f) DS-VO (berechtigtes Interesse an der Funktionsf\u00e4higkeit unserer Webseite und der statistischen Auswertung der Nutzung unserer Webseite). Die Logfiles enthalten die IP-Adresse des Besuchers und damit personenbezogene Daten. Die Logfiles k\u00f6nnen au\u00dferdem folgende Daten umfassen:<\/p>\n<p>-Besuchte Website<\/p>\n<p>-Uhrzeit zum Zeitpunkt des Zugriffes<\/p>\n<p>-Menge der gesendeten Daten in Byte<\/p>\n<p>-Quelle\/Verweis, von welchem Sie auf die Seite gelangten<\/p>\n<p>-Verwendeter Browser<\/p>\n<p>-Verwendetes Betriebssystem<\/p>\n<p>-Verwendete IP Adresse<br \/><br \/><\/p>\n<p>Die IP-Adresse wird nach 24 Stunden anonymisiert. Die L\u00f6schung der in den Logfiles gespeicherten Daten erfolgt sp\u00e4testens nach 7 Tagen. Sie sind nicht verpflichtet, uns die personenbezogenen Daten zur Verf\u00fcgung zu stellen.<\/p>\n<p>Wenn Sie uns eine Anfrage \u00fcber unser Kontaktformular schicken, speichern wir diese Daten f\u00fcr einen Zeitraum von maximal einem Jahr, damit wir ihre Anfrage bearbeiten und ggf. Anschlussfragen beantworten k\u00f6nnen. Die gespeicherten Daten umfassen Ihren Namen und Ihre Kontaktdaten, soweit Sie uns diese zur Verf\u00fcgung stellen (wozu Sie nicht verpflichtet sind). Rechtsgrundlage f\u00fcr die Datenverarbeitung ist Art. 6 Abs. 1 b) DSGVO. Bitte beachten Sie, dass die \u00dcbertragung der Daten aus unserem Kontaktformular nicht verschl\u00fcsselt erfolgt, so dass Sie das Formular nicht f\u00fcr sensible Informationen nutzen, sondern sensible Informationen pers\u00f6nlich mit uns besprechen sollten.<\/p>\n<p>Wenn Sie uns eine Reservierungsanfrage f\u00fcr den Ger\u00e4teverleih senden, verarbeiten wir Ihre Kontaktdaten sowie die Art des angefragten Ger\u00e4ts auf Grundlage Ihrer Einwilligung. Diese Daten enthalten zum Teil besondere Arten von personenbezogenen Daten (Gesundheitsdaten). Rechtsgrundlage der Datenverarbeitung ist Art. 6 Abs. 1 Satz 1 lit. a), Art. 9 Abs. 2 lit. a) DSGVO. Die Daten aus Ihrer Reservierungsanfrage werden gel\u00f6scht, sobald sie f\u00fcr die Zwecke des Ger\u00e4teverleihs nicht mehr erforderlich sind.<\/p>\n<p>Zu den oben genannten Zwecken werden personenbezogene Daten zum Teil auch an von uns beauftragte externe Dienstleister (insbesondere IT-Dienstleister) weitergegeben. Die Dienstleister sind durch Vertr\u00e4ge zur Auftragsdatenverarbeitung verpflichtet, personenbezogene Daten nur zu den oben genannten Zwecken und nur im Rahmen der von uns erteilten Weisungen zu verarbeiten.<\/p>\n<p>Zur Optimierung und Analyse der Nutzung unserer Webseite nutzen wir au\u00dferdem (wie zahlreiche andere im Internet pr\u00e4sente Unternehmen) den Dienst \u201eGoogle Analytics\u201c der Google LLC (1600 Amphitheatre Parkway, Mountain View, CA 94043, USA). Rechtsgrundlage f\u00fcr die Datenverarbeitung ist Art. 6 Abs. 1 f) DSGVO (Wahrung unserer berechtigten Interessen an der Sicherung und Verbesserung unseres Online-Angebots und der Analyse der Nutzung unserer Webseite). Zu diesem Zweck haben wir mit Google Analytics einen Vertrag zur Auftragsdatenverarbeitung geschlossen, um sicherzustellen, dass Google Analytics unsere Daten nur auf Grundlage unserer Weisung nutzt und nicht unbefugt an Dritte weitergibt. Google LLC ist unter dem Privacy-Shield-Abkommen zertifiziert und gew\u00e4hrleistet ein dem europ\u00e4ischen Datenschutzrecht vergleichbares Datenschutzniveau.<\/p>\n<p>Auf dieser Webseite werden die IP-Adressen der Nutzer innerhalb des Europ\u00e4ischen Wirtschaftsraum gek\u00fcrzt, bevor Sie an einen Google-Server in den USA \u00fcbertragen werden. Im Einzelfall kann die IP-Adresse zun\u00e4chst auch ungek\u00fcrzt in die USA an einen Server von Google \u00fcbertragen werden und wird dort gek\u00fcrzt und anonymisiert. Eine Kombination der IP-Adresse der Nutzer mit anderen von Google gespeicherten Daten erfolgt nicht.<\/p>\n<p>Der Dienst Google Analytics verwendet Cookies, d.h. kleine Textdateien, die auf dem Endger\u00e4t des Benutzers gespeichert werden. Die durch die Cookies gesammelten Informationen werden im Regelfall an einen Google-Server in den USA gesandt und dort gespeichert. Die Daten werden 14 Monate nach Erhebung gel\u00f6scht. Sie k\u00f6nnen verhindern, dass die von Google Analytics genutzten Cookies auf ihrem Endger\u00e4t gespeichert werden, wenn Sie durch entsprechende Einstellung in Ihrem Internetbrowser ausschlie\u00dfen, dass Ihr Browser Cookies akzeptiert. Allerdings ist es m\u00f6glich, dass Sie dann unsere Webseite nicht in vollem Umfang nutzen k\u00f6nnen.<\/p>\n<p>Um zu verhindern, dass die durch Cookies gesammelten Informationen an Google Analytics weitergegeben werden, k\u00f6nnen Sie ein Deaktivierungs-Add-on von Google Analytics f\u00fcr Ihren Browser installieren. Au\u00dferdem k\u00f6nnen Sie auf \u201eGoogle Analytics deaktivieren\u201c klicken und ein Opt-Out-Cookie herunterladen, um zu verhindern, dass Google Analytics Ihre Daten auf unserer Webseite erfasst. Bitte beachten Sie, dass Sie in den Einstellungen Ihres Browsers die Speicherung von Cookies erlauben m\u00fcssen, um das Opt-out-Cookie herunterladen zu k\u00f6nnen. Weitere Informationen zur Datenverarbeitung durch Google k\u00f6nnen Sie auch der Datenschutzerkl\u00e4rung von Google entnehmen.<\/p>\n<p>SIE HABEN UNTER DEN GESETZLICHEN VORAUSSETZUNGEN DAS RECHT AUF AUSKUNFT \u00dcBER IHRE GESPEICHERTEN PERSONENBEZOGENEN DATEN SOWIE EIN RECHT AUF BERICHTIGUNG, EINSCHR\u00c4NKUNG DER VERARBEITUNG ODER L\u00d6SCHUNG DIESER DATEN. ZUDEM K\u00d6NNEN SIE UNTER DEN GESETZLICHEN VORAUSSETZUNGEN WIDERSPRUCH GEGEN DIE VERARBEITUNG IHRER PERSONENBEZOGENEN DATEN EINZULEGEN UND IHRE PERSONENBEZOGENEN DATEN IN EINEM STRUKTURIERTEN, G\u00c4NGIGEN UND MASCHINENLESBAREN FORMAT ERHALTEN. AUSSERDEM HABEN SIE DAS RECHT, SICH IM ZUSAMMENHANG MIT DER VERARBEITUNG IHRER PERSONENBEZOGENEN DATEN AN EINE AUFSICHTSBEH\u00d6RDE ZU WENDEN.<\/p>\n<!-- \/wp:paragraph -->\t\t\t\t\t\t<\/div>\n\t\t\t\t<\/div>\n\t\t\t\t\t<\/div>\n\t\t\t\t<\/div>\n\t\t\t\t\t\t\t<\/div>\n\t\t","protected":false},"excerpt":{"rendered":"<p>Information \u00fcber die Verarbeitung personenbezogener Daten: Wir freuen uns \u00fcber Ihr Interesse am Internetauftritt und am Angebot der Hexental-Apotheke. Wenn Sie unsere Webseite besuchen, verarbeiten wir in geringem Umfang personenbezogene Daten von Ihnen, wie aus den folgenden Informationen ersichtlich. Die Datenverarbeitung erfolgt ausschlie\u00dflich auf gesetzlicher Grundlage (Datenschutz-Grundverordung (DSGVO), Bundesdatenschutzgesetz (BDSG)). Verantwortlicher f\u00fcr die Datenverarbeitung ist: [&hellip;]<\/p>\n","protected":false},"author":1,"featured_media":0,"parent":0,"menu_order":0,"comment_status":"closed","ping_status":"open","template":"","meta":{"footnotes":""},"class_list":["post-3","page","type-page","status-publish","hentry"],"_links":{"self":[{"href":"https:\/\/hexental-apotheke.de\/index.php?rest_route=\/wp\/v2\/pages\/3","targetHints":{"allow":["GET"]}}],"collection":[{"href":"https:\/\/hexental-apotheke.de\/index.php?rest_route=\/wp\/v2\/pages"}],"about":[{"href":"https:\/\/hexental-apotheke.de\/index.php?rest_route=\/wp\/v2\/types\/page"}],"author":[{"embeddable":true,"href":"https:\/\/hexental-apotheke.de\/index.php?rest_route=\/wp\/v2\/users\/1"}],"replies":[{"embeddable":true,"href":"https:\/\/hexental-apotheke.de\/index.php?rest_route=%2Fwp%2Fv2%2Fcomments&post=3"}],"version-history":[{"count":6,"href":"https:\/\/hexental-apotheke.de\/index.php?rest_route=\/wp\/v2\/pages\/3\/revisions"}],"predecessor-version":[{"id":949,"href":"https:\/\/hexental-apotheke.de\/index.php?rest_route=\/wp\/v2\/pages\/3\/revisions\/949"}],"wp:attachment":[{"href":"https:\/\/hexental-apotheke.de\/index.php?rest_route=%2Fwp%2Fv2%2Fmedia&parent=3"}],"curies":[{"name":"wp","href":"https:\/\/api.w.org\/{rel}","templated":true}]}}

Datenschutzerklärung

<div data-elementor-type="wp-page" data-elementor-id="3" class="elementor elementor-3" data-elementor-post-type="page">
							<div class="elementor-element elementor-element-5e841dac e-flex e-con-boxed e-con e-parent" data-id="5e841dac" data-element_type="container" data-settings="{&quot;content_width&quot;:&quot;boxed&quot;}" data-core-v316-plus="true">
					<div class="e-con-inner">
				<div class="elementor-element elementor-element-4bc8b06 elementor-widget elementor-widget-heading" data-id="4bc8b06" data-element_type="widget" data-widget_type="heading.default">
				<div class="elementor-widget-container">
			<style>/*! elementor - v3.18.0 - 20-12-2023 */
.elementor-heading-title{padding:0;margin:0;line-height:1}.elementor-widget-heading .elementor-heading-title[class*=elementor-size-]>a{color:inherit;font-size:inherit;line-height:inherit}.elementor-widget-heading .elementor-heading-title.elementor-size-small{font-size:15px}.elementor-widget-heading .elementor-heading-title.elementor-size-medium{font-size:19px}.elementor-widget-heading .elementor-heading-title.elementor-size-large{font-size:29px}.elementor-widget-heading .elementor-heading-title.elementor-size-xl{font-size:39px}.elementor-widget-heading .elementor-heading-title.elementor-size-xxl{font-size:59px}</style><h2 class="elementor-heading-title elementor-size-default">Information über die Verarbeitung personenbezogener Daten:</h2>		</div>
				</div>
				<div class="elementor-element elementor-element-760cab0a elementor-widget elementor-widget-text-editor" data-id="760cab0a" data-element_type="widget" data-widget_type="text-editor.default">
				<div class="elementor-widget-container">
			<style>/*! elementor - v3.18.0 - 20-12-2023 */
.elementor-widget-text-editor.elementor-drop-cap-view-stacked .elementor-drop-cap{background-color:#69727d;color:#fff}.elementor-widget-text-editor.elementor-drop-cap-view-framed .elementor-drop-cap{color:#69727d;border:3px solid;background-color:transparent}.elementor-widget-text-editor:not(.elementor-drop-cap-view-default) .elementor-drop-cap{margin-top:8px}.elementor-widget-text-editor:not(.elementor-drop-cap-view-default) .elementor-drop-cap-letter{width:1em;height:1em}.elementor-widget-text-editor .elementor-drop-cap{float:left;text-align:center;line-height:1;font-size:50px}.elementor-widget-text-editor .elementor-drop-cap-letter{display:inline-block}</style>				<!-- wp:heading -->
<p>Wir freuen uns über Ihr Interesse am Internetauftritt und am Angebot der Hexental-Apotheke. Wenn Sie unsere Webseite besuchen, verarbeiten wir in geringem Umfang personenbezogene Daten von Ihnen, wie aus den folgenden Informationen ersichtlich. Die Datenverarbeitung erfolgt ausschließlich auf gesetzlicher Grundlage (Datenschutz-Grundverordung (DSGVO), Bundesdatenschutzgesetz (BDSG)).</p>
<p>Verantwortlicher für die Datenverarbeitung ist:</p>
<p>Dr. Sybille H. Koch-Göpfrich e.K.</p>
<p>Inhaberin der Hexental-Apotheke<br />Dorfstraße 5<br />79249 Merzhausen</p>
<p>Tel.: +49 761 40 33 66<br />Fax: +49 761 &#8211; 40 67 85</p>
<p>E-Mail: info@hexental-apotheke.de</p>
<p>Bei Fragen zur Datenverarbeitung können Sie sich jederzeit gerne an uns wenden.</p>
<p>Zur Sicherung und Aufrechterhaltung des Betriebs unserer Webseite und zur statistischen Auswertung der Nutzung unserer Webseite speichern wir zur Wahrung unserer berechtigten Interessen von Besuchern unserer Webseite Zugriffs-Logfiles und Fehler-Logfiles. Rechtsgrundlage für die Datenverarbeitung ist Art. 6 Abs. 1 Satz 1 lit. f) DS-VO (berechtigtes Interesse an der Funktionsfähigkeit unserer Webseite und der statistischen Auswertung der Nutzung unserer Webseite). Die Logfiles enthalten die IP-Adresse des Besuchers und damit personenbezogene Daten. Die Logfiles können außerdem folgende Daten umfassen:</p>
<p>-Besuchte Website</p>
<p>-Uhrzeit zum Zeitpunkt des Zugriffes</p>
<p>-Menge der gesendeten Daten in Byte</p>
<p>-Quelle/Verweis, von welchem Sie auf die Seite gelangten</p>
<p>-Verwendeter Browser</p>
<p>-Verwendetes Betriebssystem</p>
<p>-Verwendete IP Adresse<br /><br /></p>
<p>Die IP-Adresse wird nach 24 Stunden anonymisiert. Die Löschung der in den Logfiles gespeicherten Daten erfolgt spätestens nach 7 Tagen. Sie sind nicht verpflichtet, uns die personenbezogenen Daten zur Verfügung zu stellen.</p>
<p>Wenn Sie uns eine Anfrage über unser Kontaktformular schicken, speichern wir diese Daten für einen Zeitraum von maximal einem Jahr, damit wir ihre Anfrage bearbeiten und ggf. Anschlussfragen beantworten können. Die gespeicherten Daten umfassen Ihren Namen und Ihre Kontaktdaten, soweit Sie uns diese zur Verfügung stellen (wozu Sie nicht verpflichtet sind). Rechtsgrundlage für die Datenverarbeitung ist Art. 6 Abs. 1 b) DSGVO. Bitte beachten Sie, dass die Übertragung der Daten aus unserem Kontaktformular nicht verschlüsselt erfolgt, so dass Sie das Formular nicht für sensible Informationen nutzen, sondern sensible Informationen persönlich mit uns besprechen sollten.</p>
<p>Wenn Sie uns eine Reservierungsanfrage für den Geräteverleih senden, verarbeiten wir Ihre Kontaktdaten sowie die Art des angefragten Geräts auf Grundlage Ihrer Einwilligung. Diese Daten enthalten zum Teil besondere Arten von personenbezogenen Daten (Gesundheitsdaten). Rechtsgrundlage der Datenverarbeitung ist Art. 6 Abs. 1 Satz 1 lit. a), Art. 9 Abs. 2 lit. a) DSGVO. Die Daten aus Ihrer Reservierungsanfrage werden gelöscht, sobald sie für die Zwecke des Geräteverleihs nicht mehr erforderlich sind.</p>
<p>Zu den oben genannten Zwecken werden personenbezogene Daten zum Teil auch an von uns beauftragte externe Dienstleister (insbesondere IT-Dienstleister) weitergegeben. Die Dienstleister sind durch Verträge zur Auftragsdatenverarbeitung verpflichtet, personenbezogene Daten nur zu den oben genannten Zwecken und nur im Rahmen der von uns erteilten Weisungen zu verarbeiten.</p>
<p>Zur Optimierung und Analyse der Nutzung unserer Webseite nutzen wir außerdem (wie zahlreiche andere im Internet präsente Unternehmen) den Dienst „Google Analytics“ der Google LLC (1600 Amphitheatre Parkway, Mountain View, CA 94043, USA). Rechtsgrundlage für die Datenverarbeitung ist Art. 6 Abs. 1 f) DSGVO (Wahrung unserer berechtigten Interessen an der Sicherung und Verbesserung unseres Online-Angebots und der Analyse der Nutzung unserer Webseite). Zu diesem Zweck haben wir mit Google Analytics einen Vertrag zur Auftragsdatenverarbeitung geschlossen, um sicherzustellen, dass Google Analytics unsere Daten nur auf Grundlage unserer Weisung nutzt und nicht unbefugt an Dritte weitergibt. Google LLC ist unter dem Privacy-Shield-Abkommen zertifiziert und gewährleistet ein dem europäischen Datenschutzrecht vergleichbares Datenschutzniveau.</p>
<p>Auf dieser Webseite werden die IP-Adressen der Nutzer innerhalb des Europäischen Wirtschaftsraum gekürzt, bevor Sie an einen Google-Server in den USA übertragen werden. Im Einzelfall kann die IP-Adresse zunächst auch ungekürzt in die USA an einen Server von Google übertragen werden und wird dort gekürzt und anonymisiert. Eine Kombination der IP-Adresse der Nutzer mit anderen von Google gespeicherten Daten erfolgt nicht.</p>
<p>Der Dienst Google Analytics verwendet Cookies, d.h. kleine Textdateien, die auf dem Endgerät des Benutzers gespeichert werden. Die durch die Cookies gesammelten Informationen werden im Regelfall an einen Google-Server in den USA gesandt und dort gespeichert. Die Daten werden 14 Monate nach Erhebung gelöscht. Sie können verhindern, dass die von Google Analytics genutzten Cookies auf ihrem Endgerät gespeichert werden, wenn Sie durch entsprechende Einstellung in Ihrem Internetbrowser ausschließen, dass Ihr Browser Cookies akzeptiert. Allerdings ist es möglich, dass Sie dann unsere Webseite nicht in vollem Umfang nutzen können.</p>
<p>Um zu verhindern, dass die durch Cookies gesammelten Informationen an Google Analytics weitergegeben werden, können Sie ein Deaktivierungs-Add-on von Google Analytics für Ihren Browser installieren. Außerdem können Sie auf „Google Analytics deaktivieren“ klicken und ein Opt-Out-Cookie herunterladen, um zu verhindern, dass Google Analytics Ihre Daten auf unserer Webseite erfasst. Bitte beachten Sie, dass Sie in den Einstellungen Ihres Browsers die Speicherung von Cookies erlauben müssen, um das Opt-out-Cookie herunterladen zu können. Weitere Informationen zur Datenverarbeitung durch Google können Sie auch der Datenschutzerklärung von Google entnehmen.</p>
<p>SIE HABEN UNTER DEN GESETZLICHEN VORAUSSETZUNGEN DAS RECHT AUF AUSKUNFT ÜBER IHRE GESPEICHERTEN PERSONENBEZOGENEN DATEN SOWIE EIN RECHT AUF BERICHTIGUNG, EINSCHRÄNKUNG DER VERARBEITUNG ODER LÖSCHUNG DIESER DATEN. ZUDEM KÖNNEN SIE UNTER DEN GESETZLICHEN VORAUSSETZUNGEN WIDERSPRUCH GEGEN DIE VERARBEITUNG IHRER PERSONENBEZOGENEN DATEN EINZULEGEN UND IHRE PERSONENBEZOGENEN DATEN IN EINEM STRUKTURIERTEN, GÄNGIGEN UND MASCHINENLESBAREN FORMAT ERHALTEN. AUSSERDEM HABEN SIE DAS RECHT, SICH IM ZUSAMMENHANG MIT DER VERARBEITUNG IHRER PERSONENBEZOGENEN DATEN AN EINE AUFSICHTSBEHÖRDE ZU WENDEN.</p>
<!-- /wp:paragraph -->						</div>
				</div>
					</div>
				</div>
							</div>

<p>Information über die Verarbeitung personenbezogener Daten: Wir freuen uns über Ihr Interesse am Internetauftritt und am Angebot der Hexental-Apotheke. Wenn Sie unsere Webseite besuchen, verarbeiten wir in geringem Umfang personenbezogene Daten von Ihnen, wie aus den folgenden Informationen ersichtlich. Die Datenverarbeitung erfolgt ausschließlich auf gesetzlicher Grundlage (Datenschutz-Grundverordung (DSGVO), Bundesdatenschutzgesetz (BDSG)). Verantwortlicher für die Datenverarbeitung ist: [&hellip;]</p>
