{"id":622,"date":"2024-01-10T18:36:34","date_gmt":"2024-01-10T17:36:34","guid":{"rendered":"https:\/\/hexental-apo.de\/?page_id=622"},"modified":"2024-01-11T18:58:31","modified_gmt":"2024-01-11T17:58:31","slug":"gesundheitsvorsorge","status":"publish","type":"page","link":"https:\/\/hexental-apotheke.de\/?page_id=622","title":{"rendered":"Gesundheitsvorsorge"},"content":{"rendered":"\t\t<div data-elementor-type=\"wp-page\" data-elementor-id=\"622\" class=\"elementor elementor-622\" data-elementor-post-type=\"page\">\n\t\t\t\t\t\t\t<div class=\"elementor-element elementor-element-31978d1 e-flex e-con-boxed e-con e-parent\" data-id=\"31978d1\" data-element_type=\"container\" data-settings=\"{&quot;content_width&quot;:&quot;boxed&quot;}\" data-core-v316-plus=\"true\">\n\t\t\t\t\t<div class=\"e-con-inner\">\n\t\t\t\t<div class=\"elementor-element elementor-element-06b9b76 elementor-widget elementor-widget-heading\" data-id=\"06b9b76\" data-element_type=\"widget\" data-widget_type=\"heading.default\">\n\t\t\t\t<div class=\"elementor-widget-container\">\n\t\t\t<style>\/*! elementor - v3.18.0 - 20-12-2023 *\/\n.elementor-heading-title{padding:0;margin:0;line-height:1}.elementor-widget-heading .elementor-heading-title[class*=elementor-size-]>a{color:inherit;font-size:inherit;line-height:inherit}.elementor-widget-heading .elementor-heading-title.elementor-size-small{font-size:15px}.elementor-widget-heading .elementor-heading-title.elementor-size-medium{font-size:19px}.elementor-widget-heading .elementor-heading-title.elementor-size-large{font-size:29px}.elementor-widget-heading .elementor-heading-title.elementor-size-xl{font-size:39px}.elementor-widget-heading .elementor-heading-title.elementor-size-xxl{font-size:59px}<\/style><h1 class=\"elementor-heading-title elementor-size-default\">Gesundheitsvorsorge beginnt in der Apotheke!<\/h1>\t\t<\/div>\n\t\t\t\t<\/div>\n\t\t\t\t\t<\/div>\n\t\t\t\t<\/div>\n\t\t<div class=\"elementor-element elementor-element-0c168cb e-flex e-con-boxed e-con e-parent\" data-id=\"0c168cb\" data-element_type=\"container\" data-settings=\"{&quot;content_width&quot;:&quot;boxed&quot;}\" data-core-v316-plus=\"true\">\n\t\t\t\t\t<div class=\"e-con-inner\">\n\t\t<div class=\"elementor-element elementor-element-5ebb958 e-con-full e-flex e-con e-child\" data-id=\"5ebb958\" data-element_type=\"container\" data-settings=\"{&quot;content_width&quot;:&quot;full&quot;}\">\n\t\t\t\t<div class=\"elementor-element elementor-element-b19fc79 elementor-widget elementor-widget-heading\" data-id=\"b19fc79\" data-element_type=\"widget\" data-widget_type=\"heading.default\">\n\t\t\t\t<div class=\"elementor-widget-container\">\n\t\t\t<h3 class=\"elementor-heading-title elementor-size-default\">Blutzucker\/Diabetes<\/h3>\t\t<\/div>\n\t\t\t\t<\/div>\n\t\t\t\t<div class=\"elementor-element elementor-element-65d5073 elementor-widget elementor-widget-text-editor\" data-id=\"65d5073\" data-element_type=\"widget\" data-widget_type=\"text-editor.default\">\n\t\t\t\t<div class=\"elementor-widget-container\">\n\t\t\t<style>\/*! elementor - v3.18.0 - 20-12-2023 *\/\n.elementor-widget-text-editor.elementor-drop-cap-view-stacked .elementor-drop-cap{background-color:#69727d;color:#fff}.elementor-widget-text-editor.elementor-drop-cap-view-framed .elementor-drop-cap{color:#69727d;border:3px solid;background-color:transparent}.elementor-widget-text-editor:not(.elementor-drop-cap-view-default) .elementor-drop-cap{margin-top:8px}.elementor-widget-text-editor:not(.elementor-drop-cap-view-default) .elementor-drop-cap-letter{width:1em;height:1em}.elementor-widget-text-editor .elementor-drop-cap{float:left;text-align:center;line-height:1;font-size:50px}.elementor-widget-text-editor .elementor-drop-cap-letter{display:inline-block}<\/style>\t\t\t\t<p>Bestimmung des Blutzuckerwertes: Erh\u00f6hte Blutzuckerwerte k\u00f6nnen auf eine beginnende Diabetes-Erkrankung hinweisen. Lassen Sie Ihren Blutzucker regelm\u00e4\u00dfig bei uns messen. F\u00fcr unsere Kunden mit Kundenkarte ist dieser Service sogar kostenlos! Wichtig ist, dass sie morgens n\u00fcchtern zu uns kommen, sonst ist der Wert nicht exakt zu bestimmen.<\/p>\t\t\t\t\t\t<\/div>\n\t\t\t\t<\/div>\n\t\t\t\t<\/div>\n\t\t<div class=\"elementor-element elementor-element-94594d8 e-con-full e-flex e-con e-child\" data-id=\"94594d8\" data-element_type=\"container\" data-settings=\"{&quot;content_width&quot;:&quot;full&quot;}\">\n\t\t\t\t<div class=\"elementor-element elementor-element-514fd77 elementor-widget elementor-widget-heading\" data-id=\"514fd77\" data-element_type=\"widget\" data-widget_type=\"heading.default\">\n\t\t\t\t<div class=\"elementor-widget-container\">\n\t\t\t<h3 class=\"elementor-heading-title elementor-size-default\">Cholesterinwert<\/h3>\t\t<\/div>\n\t\t\t\t<\/div>\n\t\t\t\t<div class=\"elementor-element elementor-element-94134f2 elementor-widget elementor-widget-text-editor\" data-id=\"94134f2\" data-element_type=\"widget\" data-widget_type=\"text-editor.default\">\n\t\t\t\t<div class=\"elementor-widget-container\">\n\t\t\t\t\t\t\t<p>Erh\u00f6hte Blutfettwerte k\u00f6nnen ein erh\u00f6htes Risiko von Gef\u00e4\u00dfsch\u00e4digungen und somit Herzinfarkte nach sich ziehen. Wir messen in der Apotheke den Gesamtcholesterinwert, die Triglyceride sowie die Einzelwerte HDL (\u201egutes Cholesterin\u201c) und LDL (\u201eschlechtes Cholesterin), die Aufschluss geben \u00fcber die genaue Zusammensetzung der Blutfettwerte. <br \/>Gut f\u00fcr Sie: F\u00fcr alle diese Werte m\u00fcssen wir nur einmal messen und k\u00f6nnen die Messung daher zum g\u00fcnstigen Preis von nur 15 Euro anbieten.<br \/>Bitte vereinbaren Sie vorab telefonisch einen Termin unter 40 33 66.<\/p>\t\t\t\t\t\t<\/div>\n\t\t\t\t<\/div>\n\t\t\t\t<\/div>\n\t\t\t\t\t<\/div>\n\t\t\t\t<\/div>\n\t\t<div class=\"elementor-element elementor-element-d0798bb e-flex e-con-boxed e-con e-parent\" data-id=\"d0798bb\" data-element_type=\"container\" data-settings=\"{&quot;content_width&quot;:&quot;boxed&quot;}\" data-core-v316-plus=\"true\">\n\t\t\t\t\t<div class=\"e-con-inner\">\n\t\t<div class=\"elementor-element elementor-element-f45cca5 e-con-full e-flex e-con e-child\" data-id=\"f45cca5\" data-element_type=\"container\" data-settings=\"{&quot;content_width&quot;:&quot;full&quot;,&quot;background_background&quot;:&quot;classic&quot;}\">\n\t\t\t\t<div class=\"elementor-element elementor-element-eab4c4b elementor-widget elementor-widget-image\" data-id=\"eab4c4b\" data-element_type=\"widget\" data-widget_type=\"image.default\">\n\t\t\t\t<div class=\"elementor-widget-container\">\n\t\t\t<style>\/*! elementor - v3.18.0 - 20-12-2023 *\/\n.elementor-widget-image{text-align:center}.elementor-widget-image a{display:inline-block}.elementor-widget-image a img[src$=\".svg\"]{width:48px}.elementor-widget-image img{vertical-align:middle;display:inline-block}<\/style>\t\t\t\t\t\t\t\t\t\t\t\t<img fetchpriority=\"high\" decoding=\"async\" width=\"502\" height=\"683\" src=\"https:\/\/hexental-apotheke.de\/wp-content\/uploads\/2024\/01\/cropped-gesundheitsvorsorge.jpg\" class=\"attachment-large size-large wp-image-791\" alt=\"\" srcset=\"https:\/\/hexental-apotheke.de\/wp-content\/uploads\/2024\/01\/cropped-gesundheitsvorsorge.jpg 502w, https:\/\/hexental-apotheke.de\/wp-content\/uploads\/2024\/01\/cropped-gesundheitsvorsorge-220x300.jpg 220w\" sizes=\"(max-width: 502px) 100vw, 502px\" \/>\t\t\t\t\t\t\t\t\t\t\t\t\t\t\t<\/div>\n\t\t\t\t<\/div>\n\t\t\t\t<\/div>\n\t\t<div class=\"elementor-element elementor-element-1e0e2e7 e-con-full e-flex e-con e-child\" data-id=\"1e0e2e7\" data-element_type=\"container\" data-settings=\"{&quot;content_width&quot;:&quot;full&quot;}\">\n\t\t\t\t<div class=\"elementor-element elementor-element-1aa71ca elementor-widget elementor-widget-heading\" data-id=\"1aa71ca\" data-element_type=\"widget\" data-widget_type=\"heading.default\">\n\t\t\t\t<div class=\"elementor-widget-container\">\n\t\t\t<h2 class=\"elementor-heading-title elementor-size-default\">Blutdruck<\/h2>\t\t<\/div>\n\t\t\t\t<\/div>\n\t\t\t\t<div class=\"elementor-element elementor-element-46b499b elementor-widget elementor-widget-text-editor\" data-id=\"46b499b\" data-element_type=\"widget\" data-widget_type=\"text-editor.default\">\n\t\t\t\t<div class=\"elementor-widget-container\">\n\t\t\t\t\t\t\t<p>Wissenschaftler gehen davon aus, dass in Deutschland acht bis elf Millionen Menschen einen zu hohen Blutdruck haben. Viele Betroffene wissen jedoch nichts von ihrem Problem: Bluthochdruck (Hypertonie) verursacht keine Beschwerden, so lange er nicht auf akut gef\u00e4hrliche Werte ansteigt. F\u00fcr den Blutdruck werden zwei Werte gemessen: Ein oberer (der systolische) und ein unterer (der diastolische). Oberer und unterer Wert sollten \u2013 je nach Alter \u2013 bestimmte Grenzen nicht \u00fcberschreiten. Die Grenze des normalen Blutdrucks liegt beim Erwachsenen bei 140\/90 mm Hg. Wir messen Ihren Blutdruck zu jeder Zeit- mit einem geeichten Oberarmmessger\u00e4t oder am Handgelenk. Und f\u00fcr unsere Kunden mit Kundenkarte ist dieser Service sogar kostenfrei.<\/p>\t\t\t\t\t\t<\/div>\n\t\t\t\t<\/div>\n\t\t\t\t<\/div>\n\t\t\t\t\t<\/div>\n\t\t\t\t<\/div>\n\t\t<div class=\"elementor-element elementor-element-24d98c7 e-flex e-con-boxed e-con e-parent\" data-id=\"24d98c7\" data-element_type=\"container\" data-settings=\"{&quot;content_width&quot;:&quot;boxed&quot;}\" data-core-v316-plus=\"true\">\n\t\t\t\t\t<div class=\"e-con-inner\">\n\t\t<div class=\"elementor-element elementor-element-0408055 e-con-full e-flex e-con e-child\" data-id=\"0408055\" data-element_type=\"container\" data-settings=\"{&quot;content_width&quot;:&quot;full&quot;}\">\n\t\t\t\t<div class=\"elementor-element elementor-element-8f4a5f5 elementor-widget elementor-widget-heading\" data-id=\"8f4a5f5\" data-element_type=\"widget\" data-widget_type=\"heading.default\">\n\t\t\t\t<div class=\"elementor-widget-container\">\n\t\t\t<h3 class=\"elementor-heading-title elementor-size-default\">Hilfsmittel<\/h3>\t\t<\/div>\n\t\t\t\t<\/div>\n\t\t\t\t<div class=\"elementor-element elementor-element-f62b5cf elementor-widget elementor-widget-text-editor\" data-id=\"f62b5cf\" data-element_type=\"widget\" data-widget_type=\"text-editor.default\">\n\t\t\t\t<div class=\"elementor-widget-container\">\n\t\t\t\t\t\t\t<p>Individuelle Beratung ist unerl\u00e4ssliche Voraussetzung f\u00fcr die Auswahl des richtigen Hilfsmittels. Wir zeigen Ihnen verschiedene Alternativen auf und kl\u00e4ren mit Ihrer Krankenkasse ab, ob sie das Hilfsmittel erstattet.<\/p>\t\t\t\t\t\t<\/div>\n\t\t\t\t<\/div>\n\t\t\t\t<\/div>\n\t\t<div class=\"elementor-element elementor-element-886a9be e-con-full e-flex e-con e-child\" data-id=\"886a9be\" data-element_type=\"container\" data-settings=\"{&quot;content_width&quot;:&quot;full&quot;}\">\n\t\t\t\t<div class=\"elementor-element elementor-element-53b8ca5 elementor-widget elementor-widget-heading\" data-id=\"53b8ca5\" data-element_type=\"widget\" data-widget_type=\"heading.default\">\n\t\t\t\t<div class=\"elementor-widget-container\">\n\t\t\t<h3 class=\"elementor-heading-title elementor-size-default\">Reiseimpfberatung<\/h3>\t\t<\/div>\n\t\t\t\t<\/div>\n\t\t\t\t<div class=\"elementor-element elementor-element-9b5b228 elementor-widget elementor-widget-text-editor\" data-id=\"9b5b228\" data-element_type=\"widget\" data-widget_type=\"text-editor.default\">\n\t\t\t\t<div class=\"elementor-widget-container\">\n\t\t\t\t\t\t\t<p>Wenn Sie demn\u00e4chst eine Reise z.B. in tropische Gegenden planen, informieren wir Sie dar\u00fcber, was unbedingt in die Reiseapotheke muss, welche Impfungen sinnvoll und u.U. lebensrettend sein k\u00f6nnen und gegen welche Umweltbedingungen Sie sich wappnen sollten. Wir geben Ihnen dazu eine Aufstellung f\u00fcr Risiken und evtl. notwendige Impfungen zur Hand, damit Sie gesundheitliche Probleme schon im Vorfeld Ihrer Reise weitgehend ausschlie\u00dfen und die sch\u00f6nste Zeit des Jahres sorgenfrei genie\u00dfen k\u00f6nnen. Fragen Sie direkt nach Frau Dr. Koch-G\u00f6pfrich, die jahrelange Erfahrung in Auslands- eins\u00e4tzen in Afrika, S\u00fcdostasien und Mittelamerika gesammelt hat und Ihnen viele wertvolle Tipps mit auf Ihre Reise nehmen kann.<\/p>\t\t\t\t\t\t<\/div>\n\t\t\t\t<\/div>\n\t\t\t\t<\/div>\n\t\t\t\t\t<\/div>\n\t\t\t\t<\/div>\n\t\t\t\t\t\t\t<\/div>\n\t\t","protected":false},"excerpt":{"rendered":"<p>Gesundheitsvorsorge beginnt in der Apotheke! Blutzucker\/Diabetes Bestimmung des Blutzuckerwertes: Erh\u00f6hte Blutzuckerwerte k\u00f6nnen auf eine beginnende Diabetes-Erkrankung hinweisen. Lassen Sie Ihren Blutzucker regelm\u00e4\u00dfig bei uns messen. F\u00fcr unsere Kunden mit Kundenkarte ist dieser Service sogar kostenlos! Wichtig ist, dass sie morgens n\u00fcchtern zu uns kommen, sonst ist der Wert nicht exakt zu bestimmen. Cholesterinwert Erh\u00f6hte Blutfettwerte [&hellip;]<\/p>\n","protected":false},"author":1,"featured_media":0,"parent":620,"menu_order":0,"comment_status":"closed","ping_status":"closed","template":"","meta":{"footnotes":""},"class_list":["post-622","page","type-page","status-publish","hentry"],"_links":{"self":[{"href":"https:\/\/hexental-apotheke.de\/index.php?rest_route=\/wp\/v2\/pages\/622","targetHints":{"allow":["GET"]}}],"collection":[{"href":"https:\/\/hexental-apotheke.de\/index.php?rest_route=\/wp\/v2\/pages"}],"about":[{"href":"https:\/\/hexental-apotheke.de\/index.php?rest_route=\/wp\/v2\/types\/page"}],"author":[{"embeddable":true,"href":"https:\/\/hexental-apotheke.de\/index.php?rest_route=\/wp\/v2\/users\/1"}],"replies":[{"embeddable":true,"href":"https:\/\/hexental-apotheke.de\/index.php?rest_route=%2Fwp%2Fv2%2Fcomments&post=622"}],"version-history":[{"count":16,"href":"https:\/\/hexental-apotheke.de\/index.php?rest_route=\/wp\/v2\/pages\/622\/revisions"}],"predecessor-version":[{"id":806,"href":"https:\/\/hexental-apotheke.de\/index.php?rest_route=\/wp\/v2\/pages\/622\/revisions\/806"}],"up":[{"embeddable":true,"href":"https:\/\/hexental-apotheke.de\/index.php?rest_route=\/wp\/v2\/pages\/620"}],"wp:attachment":[{"href":"https:\/\/hexental-apotheke.de\/index.php?rest_route=%2Fwp%2Fv2%2Fmedia&parent=622"}],"curies":[{"name":"wp","href":"https:\/\/api.w.org\/{rel}","templated":true}]}}