{"id":951,"date":"2024-01-17T18:12:28","date_gmt":"2024-01-17T17:12:28","guid":{"rendered":"https:\/\/hexental-apo.de\/?page_id=951"},"modified":"2025-10-23T11:06:30","modified_gmt":"2025-10-23T09:06:30","slug":"elementor-951","status":"publish","type":"page","link":"https:\/\/hexental-apotheke.de\/?page_id=951","title":{"rendered":"Impressum"},"content":{"rendered":"<p>Hexental-Apotheke<\/p>\n<p>Inhaber:<\/p>\n<p>Lieblings-Apotheken OHG Koch-Iltgen<\/p>\n<p>Dorfstra\u00dfe 5<br \/>79249 Merzhausen<\/p>\n<p>Tel.: +49 761 40 33 66<br \/>Fax: +49 761 &#8211; 40 67 85<br \/>E-Mail: info@hexental-apotheke.de<\/p>\n<p>Handelsregistereintrag: HRA 708801, Amtsgericht Freiburg<\/p>\n<p>Ust-IdNr: DE370459894<\/p>\n<p>Inhaltlich Verantwortlicher gem\u00e4\u00df \u00a7 55 Abs. 2 RStV:<br \/>Lieblings-Apotheken OHG Koch-Iltgen (Anschrift wie oben)<\/p>\n<p>Zust\u00e4ndige Kammer: Landespothekerkammer Baden-W\u00fcrttemberg, Villastra\u00dfe 1, 70190 Stuttgart<\/p>\n<p>Zust\u00e4ndige Aufsichtsbeh\u00f6rde: Regierungspr\u00e4sidium Freiburg<\/p>\n<p>&#8211;&gt; Berufsordnung f\u00fcr Apotheker: http:\/\/www.lak-bw.de<\/p>\n<p>Haftungshinweis: Diese Seite enth\u00e4lt Links zu externen Internetseiten. Trotz sorgf\u00e4ltiger Kontrolle \u00fcbernehmen wir keine Haftung f\u00fcr die Inhalte externer Links. F\u00fcr den Inhalt verlinkter Seiten sind ausschlie\u00dflich deren Betreiber verantwortlich.<\/p>\n","protected":false},"excerpt":{"rendered":"<p>Hexental-Apotheke Inhaber: Lieblings-Apotheken OHG Koch-Iltgen Dorfstra\u00dfe 579249 Merzhausen Tel.: +49 761 40 33 66Fax: +49 761 &#8211; 40 67 85E-Mail: info@hexental-apotheke.de Handelsregistereintrag: HRA 708801, Amtsgericht Freiburg Ust-IdNr: DE370459894 Inhaltlich Verantwortlicher gem\u00e4\u00df \u00a7 55 Abs. 2 RStV:Lieblings-Apotheken OHG Koch-Iltgen (Anschrift wie oben) Zust\u00e4ndige Kammer: Landespothekerkammer Baden-W\u00fcrttemberg, Villastra\u00dfe 1, 70190 Stuttgart Zust\u00e4ndige Aufsichtsbeh\u00f6rde: Regierungspr\u00e4sidium Freiburg &#8211;&gt; Berufsordnung [&hellip;]<\/p>\n","protected":false},"author":1,"featured_media":0,"parent":0,"menu_order":0,"comment_status":"closed","ping_status":"closed","template":"","meta":{"footnotes":""},"class_list":["post-951","page","type-page","status-publish","hentry"],"_links":{"self":[{"href":"https:\/\/hexental-apotheke.de\/index.php?rest_route=\/wp\/v2\/pages\/951","targetHints":{"allow":["GET"]}}],"collection":[{"href":"https:\/\/hexental-apotheke.de\/index.php?rest_route=\/wp\/v2\/pages"}],"about":[{"href":"https:\/\/hexental-apotheke.de\/index.php?rest_route=\/wp\/v2\/types\/page"}],"author":[{"embeddable":true,"href":"https:\/\/hexental-apotheke.de\/index.php?rest_route=\/wp\/v2\/users\/1"}],"replies":[{"embeddable":true,"href":"https:\/\/hexental-apotheke.de\/index.php?rest_route=%2Fwp%2Fv2%2Fcomments&post=951"}],"version-history":[{"count":14,"href":"https:\/\/hexental-apotheke.de\/index.php?rest_route=\/wp\/v2\/pages\/951\/revisions"}],"predecessor-version":[{"id":1201,"href":"https:\/\/hexental-apotheke.de\/index.php?rest_route=\/wp\/v2\/pages\/951\/revisions\/1201"}],"wp:attachment":[{"href":"https:\/\/hexental-apotheke.de\/index.php?rest_route=%2Fwp%2Fv2%2Fmedia&parent=951"}],"curies":[{"name":"wp","href":"https:\/\/api.w.org\/{rel}","templated":true}]}}